9586 - -32488. Is g/18 - (32/36)/(-4) composite?
True
Suppose 0 = -5*i + 4*i - 5. Let x = i - -6. Is -3 + 2 + 251 + x composite?
False
Let w = 22196 + -6769. Is w prime?
True
Let u = 6 + -3. Suppose 5*w - 1275 = -5*t, u*w + 0*t = t + 781. Is w a prime number?
False
Let b(s) = 48*s + 14. Let t be b(18). Let o = t + -485. Is o a composite number?
True
Suppose -43*v - 108017 = -50*v. Is v prime?
False
Let i(a) be the second derivative of -a**5/20 - 17*a**4/12 + 8*a**3/3 + 17*a**2/2 + 14*a. Is i(-18) a composite number?
False
Let q(j) = -1111*j + 130. Is q(-7) prime?
True
Let r(k) be the third derivative of -k**5/60 - 7*k**4/24 - 5*k**3/6 + k**2. Let p be r(-5). Suppose p*d + 142 = 7*d. Is d prime?
True
Let g(f) be the third derivative of 0*f + 1/24*f**4 + 4*f**2 + 0 + 83/3*f**3 + 1/60*f**5. Is g(0) a composite number?
True
Let c(l) be the third derivative of 163*l**5/30 + l**4/24 - 5*l**2. Let f be c(-1). Suppose 2*p = -p + v + f, -3*v - 539 = -5*p. Is p prime?
True
Let l be ((-1)/(-6)*2)/((-4)/(-24)). Is (l - 1)/(1*(-3)/(-9057)) prime?
True
Suppose 0 = 23*o - 22*o + 5*n - 75581, 226692 = 3*o - 2*n. Is o prime?
False
Is 52/624 + (-86086)/(-24) prime?
False
Let r = 5524 - 3171. Is r prime?
False
Let b(p) = -179*p - 2. Let x be b(-3). Is (-10)/60 - x/(-6) prime?
True
Suppose -3*s + 2*r - 2 + 7 = 0, -5*r = 3*s - 40. Suppose 0 = -2*d - 2*b, -b = -s*d + 2*d. Suppose -4*z = d, 2*z = -3*m - 2*m + 1115. Is m a composite number?
False
Let u(g) = -3*g**2 + 49*g + 11. Let n be u(-22). Let a = -1260 - n. Is a a composite number?
False
Suppose -4*y + 6*y + 5*t = -697, 5*t - 15 = 0. Let x = y - -1290. Suppose 3*k - 3*j - x = 614, -2*j = -2. Is k a prime number?
False
Suppose s - 5*a - 8 = 0, 0 = -3*a + 3 + 3. Suppose s*c = 5865 + 7977. Is c a composite number?
False
Suppose y - 3*m - 13 = 9, -5*y + 30 = 5*m. Is y/(-15)*447/(-2) a prime number?
True
Let u(p) be the first derivative of 0*p - 2 - 5/3*p**3 - 1/4*p**4 + 9/2*p**2. Is u(-7) composite?
True
Suppose 1 = -r + 6. Suppose -4501 = 4*l - r*l. Is l a prime number?
False
Let o be (-6)/4*(6 + -8). Let w be 0/((-20)/(-4) - o). Suppose -2*n - n + 5199 = w. Is n prime?
True
Suppose -c + 4*m = 2*m - 188, 4*c = 5*m + 743. Let g be c - 4/(-2) - -1. Let n = 316 - g. Is n a prime number?
True
Let u(t) = -t**3 + 10*t**2 - 4*t - 9. Let v be u(7). Let f be ((-6 - -3) + 3)/(-4). Suppose f = -6*j + j + v. Is j a composite number?
True
Suppose s = -j + 584, 2*s - 23*j - 1171 = -28*j. Is s prime?
False
Suppose 5*y + 2 = 6*y. Suppose g + 3*n - 455 = 0, 0*g = -y*g - 3*n + 898. Is g a prime number?
True
Let s = 37811 - 25018. Is s prime?
False
Suppose 0 = 5*h + 2*r - 3, 3 = 4*h + 2*r - r. Is (((-127)/2)/h)/(3/(-6)) a composite number?
False
Suppose 0 = 5*z - 3*c - 11642, 5*z = -c + 11058 + 588. Is z composite?
True
Let y = 50 + -44. Let l(x) = 154*x - 10. Is l(y) a prime number?
False
Suppose 2*y = v - 30041, 9 = 4*y - 3. Is v prime?
True
Suppose -5*d = 4*r - 74, -3*r - 35 = -5*d + 67. Suppose -5*h + 92 + d = 0. Suppose -u - h = -2*u. Is u a prime number?
False
Let w = 1196 + -718. Let x = w - 191. Is x a composite number?
True
Suppose -3*r = -4*h + 12727, -4*r + 4*h = 9587 + 7389. Suppose 5*n + 5*f = -1 - 14, -4*n - 2*f - 8 = 0. Is r/(-14) - n/(-2) a prime number?
False
Suppose 3 + 5 = 2*o. Let v be o/20 - 5952/(-15). Suppose v = f - 5*g, -2*f = -5*f + 2*g + 1191. Is f prime?
True
Let j = 980 - -1744. Suppose 0 = 2*r + 3*m + 2*m - 2727, 2*r + 2*m = j. Is r composite?
False
Let n(u) be the first derivative of 31*u**3 - 7*u**2/2 - 17*u + 26. Is n(8) a composite number?
False
Suppose 5*k - 10390 = -4*w, 7580 = -5*k + w + 17970. Is k a composite number?
True
Let u = -14 - -19. Suppose u*x - 1739 = -134. Is x a composite number?
True
Suppose -q + 4*p = -511, -259 - 758 = -2*q + 3*p. Let a(l) = l - 1. Let i be a(3). Suppose i*u + u = q. Is u a composite number?
True
Is (-45)/(-63) + 30244/14 a prime number?
True
Suppose -15*u - 24 = -18*u. Suppose u*j - 13*j + 1705 = 0. Is j prime?
False
Suppose 12*b - 7*b = -295. Let t be 4088/(-22) + 12/(-66). Let p = b - t. Is p composite?
False
Let f(a) = -5*a**3 - 22*a**2 - 44*a - 51. Let n(g) = 2*g**3 + 7*g**2 + 15*g + 17. Let x(c) = 3*f(c) + 8*n(c). Is x(12) a composite number?
False
Let n be 23 + 0 - (-9 + 11). Suppose -2517 = 18*s - n*s. Is s composite?
False
Suppose t - 18638 = -3*b, 8*t = -2*b + 9*t + 12417. Is b a prime number?
True
Let q(i) = i + 127 + 136 - 61. Let g be q(0). Is g - (1 + (-1 - 3)) a composite number?
True
Let a(g) = -144*g**2 + 2*g + 2. Let f be a(2). Suppose 82*c = 83*c + 383. Let r = c - f. Is r a prime number?
False
Let u(v) = -v**3 + v**2 - v + 4595. Is u(0) composite?
True
Let o be ((-7)/3)/(1/(-3)). Let g(q) = -5*q + 5*q - q**3 - 44*q**2 + 51*q**2 + 10. Is g(o) a composite number?
True
Let o(p) = -3*p**2 - 11*p - 16. Let j be o(-9). Let r = j + 107. Let f = 2 - r. Is f a composite number?
True
Suppose 12 = 3*j + 5*n + 37, j = 4*n - 31. Let o = j - -21. Suppose -409 = -7*y + o*y. Is y a composite number?
False
Let a be (-26)/(-6) - (-4)/(-12). Suppose 0 = a*b + 1 - 13. Suppose 2*x = b*x - 35. Is x a composite number?
True
Suppose 3*o + 24 = 11*o. Suppose -5*v + 3013 + 1576 = -3*z, 0 = o*z - 6. Is v prime?
True
Suppose 2*g - 15537 = 5*y, 4*g = -4*y + 18579 + 12509. Is g a prime number?
False
Suppose 2*x - 7 = 1. Suppose -2*h - x*r + 210 = 0, 3*h - r = 499 - 149. Suppose 4*k - h = -5*n, 3*n + 2*n = 3*k - 130. Is k composite?
True
Let w(c) be the first derivative of c**4 - 10*c**3 + 2*c**2 - 29*c - 24. Is w(12) composite?
True
Suppose 1 - 3 = -y. Suppose -2*l - 24 = l + 3*z, y*z - 20 = 2*l. Let o(x) = 5*x**2 - x + 13. Is o(l) a composite number?
True
Suppose -2*a - 1 = 3*q, -4*a = -2*q - 0*q + 42. Is 636/1 + (a - -7) prime?
False
Let g = 12 - 9. Suppose x + 5*h = 94, 4*h = -g*x - 17 + 354. Is x a prime number?
False
Suppose -4*z + 10 = 3*k - 21, -15 = -2*k + 3*z. Let y(n) be the second derivative of 17*n**3/3 + n**2/2 - 3*n. Is y(k) a prime number?
True
Suppose 3504*x - 3522 = 3501*x. Is x composite?
True
Suppose -7*i = -3*i - 5*z - 49282, -6 = -3*z. Is i a composite number?
False
Is (-71 + 957)/(0 - 2*-1) composite?
False
Suppose 5*y - 9907 = -n, 7744 + 169 = 4*y + 5*n. Is y prime?
False
Suppose 0 = d - 403 - 163. Is d composite?
True
Let m(s) = s**2 + 11*s + 11. Let u be (-30)/(-12)*(3 + 1). Is m(u) prime?
False
Suppose -45*o = -11*o - 764626. Is o prime?
False
Let d(a) = 20*a**2 - 9*a + 9. Suppose -k - 5*m + 0*m = -17, -35 = 5*k + m. Is d(k) a composite number?
False
Let z(y) = -4*y - 4. Let j be z(-4). Let t be (-4)/j*(-12)/2. Suppose -t*s + 2*v = 7*v - 204, -3*s - 5*v + 301 = 0. Is s prime?
True
Let d = 37522 + -15079. Suppose 2*j + 2*j + 7491 = h, 0 = -3*h - 3*j + d. Is h a prime number?
False
Let x = 95 - 20. Let q = 88 - x. Is q composite?
False
Suppose 13 = -3*d + 4*d. Suppose 10*a - d*a = 9. Let p = 14 + a. Is p a composite number?
False
Let x(b) = -374*b**3 - b**2 + b + 1. Suppose -5*s + 20 = -s. Suppose -s = -2*q + 7*q. Is x(q) a prime number?
True
Let s be 9*(-21)/(-9) + 4. Let p = s + -4. Suppose 2 = 2*l, 4*l - 142 + p = -3*u. Is u composite?
True
Let v be -14 + 17 + (-1 - -56). Is (24 + -5)/(2/v) prime?
False
Suppose 10*c + 4 = 24. Suppose 2*x + i - c*i = 671, -i = -3. Is x a composite number?
False
Suppose -3*i = -2*p + 154, 0 = -2*i + 6*i - 4*p + 200. Let y be (152/6)/((-18)/i). Let q = 211 + y. Is q composite?
True
Suppose 3*b = 2*y + 330, 4*b - 2*y - 440 = -7*y. Suppose 3518 = 112*o - b*o. Is o prime?
True
Let l = 131084 - 59767. Is l a prime number?
True
Let i be -3*8/(-4)*1. Suppose -4931 = -i*l - 209. Is l a composite number?
False
Let z = -3401 + 4962. Suppose 7*q - 6*q = z. Is q a prime number?
False
Let k(d) be the third derivative of -137*d**4/24 - 5*d**3/3 - 10*d**2. Is k(-3) a composite number?
False
Suppose -2*x = -a - 369, 3*a - 115 = -3*x + 443. Let c be 1/2*(1 + 3). Suppose -d + c*d = x. Is d a composite number?
True
Let z be 14/4 + (-21)/14. Let g(d) = -z*d + 1 - 39*d + 0*d. Is g(-10) composite?
True
Let x(q) = 1. Let t(w) = 293*w + 65. Let o(r) = -t(r) + 5*x(r). Is o(-11) a prime number?
True
Let f(j) = j**2 - j - 1234. Let a be f(0). Let u = -257 - 442. Let b = u - a. Is b a composite number?
True
Suppose 3*b = -b + 8, -5*w = 5